Is 9948701 composite?
True
Is 75712193 a prime number?
False
Is 54123217 a composite number?
False
Is 488441 a composite number?
False
Is 254865289 composite?
True
Is 806234101 a prime number?
True
Is 15174253 prime?
True
Is 190055659 a composite number?
False
Is 20032223 prime?
False
Is 582484711 composite?
False
Is 3922553 a prime number?
True
Is 10882187 prime?
True
Is 6389287 a composite number?
True
Is 105746623 a prime number?
True
Is 2377997 a prime number?
True
Is 19951 prime?
False
Is 1976101 a composite number?
True
Is 1960613 a prime number?
True
Is 1680149261 prime?
False
Is 809437 a prime number?
True
Is 2367143 composite?
False
Is 5470807 a composite number?
True
Is 10141241 prime?
False
Is 1811759 composite?
False
Is 454384907 a prime number?
True
Is 2813105 prime?
False
Is 9048253 prime?
True
Is 110671109 a prime number?
False
Is 2526361 composite?
False
Is 8026583 composite?
False
Is 33869947 prime?
True
Is 20560783 prime?
False
Is 18591035 a composite number?
True
Is 11018453 a prime number?
True
Is 9069531 a prime number?
False
Is 45061 a composite number?
False
Is 1760419 a composite number?
False
Is 83933359 prime?
True
Is 311917847 a composite number?
False
Is 861221 a prime number?
True
Is 42720961 a prime number?
True
Is 8200385 composite?
True
Is 88192841 a composite number?
True
Is 785887367 composite?
True
Is 6897299 a prime number?
True
Is 81598393 a composite number?
False
Is 236348755 a composite number?
True
Is 242848499 a prime number?
True
Is 24360283 a composite number?
False
Is 4745491 composite?
False
Is 3967531 prime?
False
Is 5049739 a composite number?
False
Is 246317 prime?
True
Is 17349001 prime?
True
Is 23985151 a composite number?
False
Is 167122313 a composite number?
False
Is 276493 a prime number?
False
Is 138428227 composite?
True
Is 263962849 a prime number?
True
Is 567952831 a prime number?
True
Is 95127029 prime?
False
Is 138174709 a prime number?
True
Is 1111031 prime?
True
Is 12183623 a composite number?
True
Is 7729933 composite?
False
Is 17602003 composite?
False
Is 6809503 a prime number?
False
Is 19552459 a prime number?
True
Is 57592469 a prime number?
False
Is 6877603 a prime number?
True
Is 1801731 a composite number?
True
Is 6525427 a prime number?
True
Is 131461699 a prime number?
True
Is 410317 composite?
False
Is 106329079 prime?
True
Is 7859767 composite?
True
Is 315349 a composite number?
False
Is 5807489 a prime number?
False
Is 114469709 composite?
True
Is 6333211 composite?
True
Is 21833479 a prime number?
True
Is 24119159 composite?
False
Is 6906007 a prime number?
True
Is 77155891 prime?
False
Is 3786431 prime?
False
Is 27197741 a composite number?
True
Is 2916677 a composite number?
False
Is 23352491 a prime number?
True
Is 59562485 prime?
False
Is 8456659 a prime number?
True
Is 108890549 prime?
True
Is 31411313 a prime number?
False
Is 1617463 a prime number?
True
Is 1854749 a prime number?
False
Is 2260139 composite?
True
Is 49606927 composite?
False
Is 15517373 a prime number?
True
Is 48531673 a composite number?
False
Is 15504823 prime?
True
Is 350704439 composite?
False
Is 3910051 composite?
True
Is 50071211 a composite number?
True
Is 4199341 composite?
False
Is 476009 a prime number?
True
Is 92156371 a prime number?
False
Is 12589661 composite?
True
Is 193240739 a prime number?
False
Is 8058035 a composite number?
True
Is 18686713 a prime number?
False
Is 27558667 prime?
True
Is 1985069 prime?
False
Is 138547 prime?
True
Is 2737841 a prime number?
True
Is 2711857 composite?
True
Is 30380479 composite?
True
Is 18972269 a prime number?
True
Is 110819881 prime?
False
Is 3766141 prime?
True
Is 15902897 a composite number?
True
Is 3804491 a composite number?
False
Is 61479937 prime?
False
Is 17044745 composite?
True
Is 273304103 prime?
True
Is 31912481 prime?
True
Is 212535857 composite?
False
Is 6143027 a prime number?
False
Is 26303414 prime?
False
Is 47968601 prime?
True
Is 2237507 a composite number?
False
Is 28965233 a composite number?
True
Is 55626149 a prime number?
True
Is 123997969 composite?
False
Is 2484205 prime?
False
Is 340787851 composite?
False
Is 306787601 a prime number?
False
Is 78190703 a composite number?
False
Is 3300001 a prime number?
True
Is 7704098 a composite number?
True
Is 26038603 prime?
True
Is 212237683 composite?
True
Is 12000617 composite?
True
Is 12187 composite?
True
Is 62768903 composite?
True
Is 1877591 a composite number?
True
Is 4670507 prime?
True
Is 63602573 composite?
True
Is 158927027 prime?
False
Is 2616461 composite?
False
Is 1305847 a composite number?
True
Is 274661 composite?
False
Is 58714885 prime?
False
Is 360501821 a composite number?
True
Is 628152013 prime?
True
Is 240831385 a prime number?
False
Is 127882173 composite?
True
Is 35436305 prime?
False
Is 147709 a prime number?
True
Is 9032089 composite?
True
Is 3178937 a composite number?
True
Is 386650763 composite?
False
Is 148298005 a composite number?
True
Is 296217697 a composite number?
True
Is 655354819 prime?
False
Is 148348793 a composite number?
True
Is 261692911 composite?
False
Is 21157313 prime?
True
Is 15940637 a prime number?
True
Is 99823723 a composite number?
True
Is 969706 a prime number?
False
Is 126821467 prime?
True
Is 13618597 composite?
False
Is 2458363 composite?
True
Is 4522883 a composite number?
False
Is 8619241 a prime number?
True
Is 3650543 a prime number?
False
Is 16383595 a composite number?
True
Is 4112399 composite?
False
Is 6812879 composite?
False
Is 3399323 a prime number?
False
Is 118175191 a composite number?
False
Is 5127065 prime?
False
Is 2229271 composite?
True
Is 11672549 composite?
True
Is 622451 a prime number?
False
Is 9946639 prime?
True
Is 9413 a composite number?
False
Is 1135907 prime?
False
Is 716277778 a composite number?
True
Is 113259571 a composite number?
False
Is 75957829 composite?
False
Is 6325061 a prime number?
False
Is 9596969 composite?
True
Is 114611747 composite?
False
Is 135474737 a prime number?
False
Is 11398241 prime?
False
Is 5240413 a composite number?
False
Is 3042803 a composite number?
False
Is 129193981 prime?
False
Is 4206535 prime?
False
Is 960863 a composite number?
False
Is 184203731 prime?
True
Is 50319501 a composite number?
True
Is 9750413 a prime number?
False
Is 205805255 composite?
True
Is 996143 prime?
True
Is 2749991 composite?
False
Is 572828701 prime?
False
Is 145653119 composite?
True
Is 76480447 a prime number?
True
Is 61679726 a prime number?
False
Is 1817507 a composite number?
False
Is 3275309 prime?
True
Is 25860379 composite?
False
Is 140444351 a composite number?
True
Is 19378123 prime?
True
Is 8909923 composite?
True
Is 499567 a composite number?
True
Is 2945689 a prime number?
False
Is 1975547 composite?
True
Is 405531221 prime?
True
Is 422209 a prime number?
True
Is 2078551 composite?
False
Is 6010261 a prime number?
True
Is 13165723 composite?
True
Is 18952159 prime?
True
Is 240281627 a prime number?
True
Is 16820963 a prime number?
False
Is 309992863 a composite number?
False
Is 3145147 a prime number?
True
Is 447860197 a prime number?
True
Is 40624343 composite?
False
Is 4029757 a composite number?
False
Is 48988691 a composite number?
True
Is 29551502 a prime number?
False
Is 3695221 prime?
False
Is 44272727 prime?
True
Is 382061 a prime number?
True
Is 45312977 composite?
False
Is 279533 composite?
True
Is 37530151 composite?
True
Is 3435527 prime?
False
Is 20383507 prime?
True
Is 3586997 composite?
False
Is 2587219 composite?
True
Is 11558069 a composite number?
True
Is 2200537 composite?
False
Is 292357979 composite?
True
Is 36789251 composite?
False
Is 4708747 a prime number?
True
Is 773897 composite?
False
Is 85545943 a prime number?
False
Is 914173 prime?
False
Is 8263129 a prime number?
False
Is 1053029 a composite number?
False
Is 187092545 composite?
True
Is 211303 composite?
True
Is 179205073 a composite number?
False
Is 2765173 prime?
True
Is 315277679 a composite number?
True
Is 64021549 composite?
True
Is 3972035 a prime number?
False
Is 186196897 composite?
True
Is 6399509 a prime number?
True
Is 200390459 prime?
True
Is 808507985 a composite number?
True
Is 31738463 a composite number?
True
Is 9386791 prime?
True
Is 1830113 a prime number?
True